e prime factors of d.
2
Let m = -41 + 69. What are the prime factors of m?
2, 7
Let d be (-3 + 2)/((-2)/158). Suppose t = 3*p - d, 0 = 4*p - 2*p + 4*t - 62. Suppose 3*c + 4*k = -0 + p, -3*c + 5*k = 0. What are the prime factors of c?
5
What are the prime factors of 32/6*(-24)/(-16)?
2
Suppose -6 = -f - 4, -g - f = -227. What are the prime factors of g?
3, 5
Let j be 14 + 3*(1 + -2). Suppose -4*a + 88 = 4*z, 3*z - 83 + j = -5*a. List the prime factors of z.
19
Suppose -220 + 49 = -3*f. List the prime factors of f.
3, 19
Let p = 0 - -4. Suppose -p = -i + 2*i, 5*k = -5*i + 15. List the prime factors of k.
7
Let z(a) = -a**2 - 5*a. Let s be z(-5). Suppose s = -x + 3*x - 6. List the prime factors of x.
3
Let q(t) = t**3 + 5*t**2 - t + 2. Let x(u) = u + 7. Let l be x(-11). Let n be q(l). Let s = n + -16. What are the prime factors of s?
2, 3
Suppose -3*v - 36 = v - 4*l, 4*v + 1 = -3*l. What are the prime factors of (-9)/(-1) + v/4?
2
Suppose -3*y + 21 = -2*p, -3*y + 7 = -2*y + 2*p. Let f(s) = s**3 - 6*s**2 - 4*s + 9. List the prime factors of f(y).
2, 3, 5
Suppose 5*i - 4 - 1 = -5*x, 3*x + 37 = 5*i. Suppose -3*n = -4*n + 1. List the prime factors of (33 - i)/(2*n).
2, 7
Let m(x) = -35*x**3 + 2*x**2 - 2*x + 1. Let d be m(1). What are the prime factors of (d/10)/(4/(-20))?
17
Let n(u) = -2*u - 4. Let t(k) = -4*k - 1. Let b(o) = -o + 7. Let x be b(6). Let g be t(x). What are the prime factors of n(g)?
2, 3
Suppose -6*m = -2*m + 3*v - 201, 5*m - 295 = 5*v. What are the prime factors of m?
2, 3
Let q(x) = -2*x**2 + 7*x - 6. Let j be q(4). Let k be (-8)/40 + (-2)/j. Suppose 2*p - 3*p = 4*i - 44, k = -2*p. List the prime factors of i.
11
Let k(g) = g**3 - 4*g**2 - 4*g - 2. Let x be k(5). Suppose 2*j + 4 = -2*y - y, -19 = -2*y + x*j. List the prime factors of y.
2
Let z(b) = b**2 + 3*b + 13. What are the prime factors of z(-7)?
41
Let y = 1 + -2. Let i be y*(0/(-3))/(-3). Suppose i = -m - 3 + 13. List the prime factors of m.
2, 5
What are the prime factors of 5/(10/6) - -9?
2, 3
Suppose 2*b - 36 = -12. Suppose -3*s + b = -6. What are the prime factors of (-4)/2 + s + -2?
2
What are the prime factors of (-4)/(-2) - (-210)/5?
2, 11
Suppose -2*l = 2*m - l - 3, -3*m - 3*l = 0. Suppose -m*g + 4 = -g. List the prime factors of g.
2
Let t(l) = 3*l**2 - 16*l + 18. List the prime factors of t(10).
2, 79
Let f be (-109)/(-4) - (-3)/4. Suppose -2*k + 2*r = -4*k + 14, 0 = -3*k + 4*r + f. Suppose -3*u + 29 = k. What are the prime factors of u?
7
Suppose 2*n = -0*n. Let q be 2 - ((0 - -1) + -2). Suppose n = 6*t - q*t - 42. What are the prime factors of t?
2, 7
Let v(y) = -y**3 + 9*y**2 + 7*y - 19. What are the prime factors of v(9)?
2, 11
Suppose 6 = -v - 2*v. What are the prime factors of ((-104)/(-6))/(v/(-3))?
2, 13
Let c be (114/9)/(10/15). Suppose -4*l - 3*i = 4 - 13, 4*i + c = 5*l. List the prime factors of l.
3
Let k = 14 + -44. Let g = k + 60. List the prime factors of g.
2, 3, 5
Suppose 2*w - 4 = 0, -5*h - w + 2*w = -948. Suppose 2*z - 7*z = -h. List the prime factors of z.
2, 19
Suppose -3 = -4*g + 1. Let m = 3 - g. Suppose -m*p = -8 - 0. What are the prime factors of p?
2
Let u = 52 - 21. List the prime factors of u.
31
Suppose -60 = -5*v - 3*a, v - 30 = 3*a - 0*a. Suppose -2*j + v = 3*j. Suppose -j*p - 2 = 5*r + 1, -2*p - 2*r + 2 = 0. What are the prime factors of p?
2
Let o = -5 - -8. Let w be 8/(o/2 + -2). Let v = w - -30. List the prime factors of v.
2, 7
Suppose 0*j = -3*j + 111. What are the prime factors of j?
37
Suppose 4 = z + 1. Let b = -2 + z. Suppose -p + b = -2. What are the prime factors of p?
3
Let q = -19 + 122. List the prime factors of q.
103
Let o(y) = 227*y**2 + 2*y - 2. What are the prime factors of o(1)?
227
Let f = 16 + -10. What are the prime factors of (12/10)/(f/80)?
2
Suppose 0*i + 2*u - 42 = -2*i, 5*u = -25. List the prime factors of i.
2, 13
Let x be 4*-1*(-14)/8. Let v(p) be the third derivative of -p**5/60 + 3*p**4/8 - p**3 + 9*p**2. What are the prime factors of v(x)?
2
Let m = -8 + 7. What are the prime factors of m*3*(-102)/18?
17
Let h(t) = t**3 - 2*t + 1. Let u be h(-2). Let x(v) = -v**2 + v + 1. Let c be x(-2). Let q = u - c. What are the prime factors of q?
2
Let k(w) = 10*w - 13. List the prime factors of k(8).
67
Let f be ((-3)/9*0)/(-3). Suppose l + 3*l = c + 3, 2*c + l - 30 = f. What are the prime factors of c?
13
Suppose -3*p = -4*b + 2*b - 43, 49 = 4*p - b. What are the prime factors of p?
11
Let c = 6 - -118. What are the prime factors of c?
2, 31
Let t be ((-30)/(-25))/((-6)/(-20)). Suppose -h - 3*g = -0 - t, 2*g + 72 = 4*h. List the prime factors of h.
2
Let k(s) = -3*s**3 - 3*s - 3. What are the prime factors of k(-2)?
3
Let g(p) = 7*p**2 + 2*p + 18. What are the prime factors of g(-6)?
2, 3, 43
Let z = 4 - 4. Suppose -5*n - 1 + 26 = z. List the prime factors of n.
5
Suppose -i + 5*i = 72. What are the prime factors of 4/i + 1939/63?
31
Suppose 5*b - 90 = t + 3*t, 4*t - 108 = -4*b. List the prime factors of (b - 1) + (0 - 1).
2, 5
Suppose -9*q - 380 = -11*q. List the prime factors of q.
2, 5, 19
Let s be ((-15)/9)/((-1)/(-3)). Let y(n) = -n**2 - 6*n - 3. Let b be y(s). What are the prime factors of 1/(-2)*b - -19?
2, 3
Let q(b) = b**3 + 2*b**2 - 1. Let k be q(-1). Suppose -z + k*z = 0. Suppose 3*v + 0*v - 72 = z. List the prime factors of v.
2, 3
Let y = 14 + 6. Let p = 20 + y. List the prime factors of p.
2, 5
Let j = -2 - -15. Let v = -22 + j. Let c = -6 - v. What are the prime factors of c?
3
Let q(o) be the second derivative of o**5/20 + 2*o**4/3 + 7*o**3/6 - 3*o**2/2 + o. List the prime factors of q(-6).
3
Let z = -2 + 3. Let l(h) = 6*h - 1. Let i be l(z). What are the prime factors of (-4)/10 + 42/i?
2
Suppose x - 9 = -j + 1, 4*j + 37 = 3*x. Let a = x + -8. Suppose -y - 18 = -a*y. What are the prime factors of y?
3
Suppose 2*h + 5 + 59 = 0. Let j(z) = -21*z**2 + 2*z - 1. Let n be j(1). Let q = n - h. What are the prime factors of q?
2, 3
Let u(a) = -a - 1. Let r be u(-4). Let s(d) = -d. Let n be s(-4). Suppose r*l - 3 = 0, 25 = n*m - 3*l - 12. What are the prime factors of m?
2, 5
List the prime factors of 3/3 - 1*-21.
2, 11
Suppose 4 = 3*m + m. Suppose 4*d + 14 = -b, -m = 2*b + 5*d + 12. List the prime factors of b.
2, 3
Suppose 3*j = -4*q + 11, -5*q + j = -j - 8. Suppose 85 = 4*i - 2*o + 19, q*o + 51 = 3*i. List the prime factors of i.
3, 5
Let s = 4 - -1. Let b(g) = -8*g + 1. Let z be b(-2). Suppose -s*f + z = a, -5*f + 5 = 4*a - 33. List the prime factors of a.
7
Let g = 56 - 8. What are the prime factors of g?
2, 3
Let z(f) = 2*f**3 + 23*f**2 - 4*f - 22. List the prime factors of z(-11).
11, 13
Let l = -187 - -431. What are the prime factors of l?
2, 61
Suppose -4*g + 2*p + 72 = 0, -3*g + 4*p = -g - 30. List the prime factors of g.
19
Suppose -t = -6*t + 40. Let o(n) = -n**3 + 9*n**2 - 8*n + 7. What are the prime factors of o(t)?
7
Let v = 6 - 4. Suppose 5*s - 14 = 2*j - 3*j, v*j - 16 = -4*s. List the prime factors of s.
2
Let g(j) = -j + 21. Let x be g(9). Suppose z + h = 11, 3*z + 4*h = x + 20. List the prime factors of z.
2, 3
List the prime factors of ((-140)/6 - -1)*-18.
2, 3, 67
Let u(j) = 4*j**2 - 7*j + 5. Let h be u(6). Suppose 4*x - h - 1 = 0. What are the prime factors of x?
3
Suppose -3*l - 1 = 2. Let x be (19 - (2 + -2)) + -2. Let f = x - l. List the prime factors of f.
2, 3
Let b(s) = s**3 + 9*s**2 + 8*s + 2. Let v(m) be the first derivative of -m**2 + 4*m - 2. Let x be v(6). What are the prime factors of b(x)?
2
Let a = 502 + -320. What are the prime factors of a?
2, 7, 13
Let b(k) = k**3 + 8*k**2 + 8*k - 10. Let y be b(-7). Let n = y + 42. What are the prime factors of n?
5
Let p be ((-36)/(-21))/(6/63). Let f = 40 - 11. Let s = f - p. List the prime factors of s.
11
Suppose 4*o + 18 = -18. Let y be o/3 - 0/1. What are the prime factors of ((-4)/(-10))/(y/(-30))?
2
Let h(z) = z**3 + 7*z**2 - 3*z - 5. List the prime factors of h(-5).
2, 3, 5
Let q(f) = f**2 - 6*f + 2. What are the prime factors of q(8)?
2, 3
Suppose 0*s + 2*s = -2*z + 10, 0 = -5*s + 3*z + 33. List the prime factors of s.
2, 3
Let u(t) = -t**3 - 3*t**2 + 2*t + 2. Let w be u(2). Let g be (-872)/w + 4/(-14). List the prime factors of g/5 + (-8)/20.
2, 3
Let z(f) = f**3 + 3*f**2 - f - 3. Let l be z(-3). Let v be (12/(-8)